 2/(-11) + (-720)/(-330). Suppose -4*l + 2*l = 5*i - 2387, -d*i - l + 955 = 0. List the prime factors of i.
3, 53
Let o(k) = -71*k. Let z be o(-1). Let n be (1/((-4)/6))/(1602/(-30972)). Let x = z - n. List the prime factors of x.
2, 3, 7
Let c be 7/(14/538)*1. Suppose 5*r = -10, 3*o - 857 = 2*r + c. What are the prime factors of o?
2, 11, 17
Let q(l) be the third derivative of 7*l**5/30 - l**4/8 - l**3 + 13*l**2 - 8. List the prime factors of q(-3).
3, 43
Let c(v) = v**3 + 4*v**2 + 6*v + 5. Let y be c(-3). Let j = 2 + y. List the prime factors of 4*j/4 - -184.
2, 7, 13
Let w(y) = -30 + 3*y + 97*y**2 - 4*y + 31. Let c = -18 - -19. What are the prime factors of w(c)?
97
Let j(b) = -7*b + 146. Let t be j(20). Suppose -t*y + 11*y - 490 = 0. What are the prime factors of y?
2, 7
Let h = -23 + 29. Let u be (483/35 - 0) + (-8)/10. Let q = h + u. List the prime factors of q.
19
Let b(a) = -576*a - 5065. List the prime factors of b(-17).
29, 163
Let i be (30160/(-10))/((-8)/12). List the prime factors of (i/(-290))/((-6)/50).
2, 5, 13
Let g be ((-5)/2*-4)/(-2). Let i(u) = -58*u + 53. Let j(r) = -29*r + 26. Let z(h) = g*j(h) + 3*i(h). What are the prime factors of z(-9)?
2, 5, 29
Suppose 4*b = -517 + 3137. Suppose -o + 3*w + b = 0, -1953 = -3*o - 29*w + 26*w. What are the prime factors of o?
2, 163
Let t = -57 - -59. Suppose 0 = 3*q + t*m - 51, -m - 85 + 28 = -4*q. What are the prime factors of (-1*89/(-3))/(5/q)?
89
Let r be (-18)/(-3) + (11 - 13). Suppose -r*x + 31 = -4977. What are the prime factors of x?
2, 313
Let k be 16/(-28) - 18/(-7) - 0. Suppose d + 346 = k*d. List the prime factors of d.
2, 173
Suppose 2*p = 2*r - 1090 - 276, p = 5*r - 3427. Let f = -340 + r. List the prime factors of f.
2, 173
Let m(o) = -15*o + 12. Let x(c) = c**3 + 16*c**2 + 15*c - 17. Let u be x(-15). Let t = u + 12. List the prime factors of m(t).
3, 29
Let r be ((-417)/15 + 3 + 3)*-15. Suppose -84 = 3*s - r. List the prime factors of s.
3
Let n(z) = z**3 + 8*z**2 - 4*z - 22. Let m be n(-8). Suppose -m*u - 19*u + 18734 = 0. What are the prime factors of u?
2, 17, 19
Suppose -5*m = -23728 + 6203. What are the prime factors of m?
5, 701
Let n(j) = 7*j**3 - j**2 - 4*j + 3. Let p be n(2). Let o = p + -45. Suppose -o*z + 3*z = 33. List the prime factors of z.
3, 11
Suppose 6513 = y - h, -5*h = 2*y - 9917 - 3130. What are the prime factors of y?
2, 3, 181
Let z(x) = 14*x + 200. Let j be z(-14). Suppose -j*t - w = -7*t + 1810, 590 = t + 3*w. What are the prime factors of t?
2, 7, 43
Let t(w) = -w**2 - 12*w - 19. Let b be t(-7). Suppose b*g = 11*g. Suppose c - 97 = 2*p, 2*p + g*p + 2 = 0. List the prime factors of c.
5, 19
Let g be 104/18 + (-26)/(-117) + -4. Let h(l) = 184*l**3 + l**2 - 8*l + 2. What are the prime factors of h(g)?
2, 17, 43
Let a be (14/4)/(8/1744). Suppose -4*t = 5*n - 1701, -5*t + 3*n + 1317 = -a. List the prime factors of t.
419
Suppose -4*u + v - 9 = -24, -u - 4*v + 25 = 0. Let q be 9 + u*(0 - 1). Suppose q*o = 185 + 91. What are the prime factors of o?
3, 23
Let w = 25123 + 18040. List the prime factors of w.
17, 2539
Suppose -4*a + 25 = -5*n - 73, 0 = a + 2*n - 18. Suppose 28 = -i + a. List the prime factors of (2/i)/(2*1/(-738)).
3, 41
Let z(c) = 3*c**2 - c + 66. Let j be z(0). Let b = j - 55. Let a = 43 - b. List the prime factors of a.
2
Suppose -4*r - 2*g = -106, 4*r = 5*g + 71 + 56. Suppose 3*f + r = 10. What are the prime factors of 6/9 - 290/f?
7
Let a(g) = -g**3 - 73*g**2 - 43*g + 247. List the prime factors of a(-77).
2, 13, 1049
What are the prime factors of (8/(-16))/(-7*7/2772518)?
19, 1489
Suppose 67*l + 209834 - 1102386 = 5*l. What are the prime factors of l?
2, 59, 61
Suppose 0 = 2*y - 10, y + 166679 = 17*q - 13*q. What are the prime factors of q?
7, 5953
Let u(t) = 6*t**2 - 32*t + 111. List the prime factors of u(30).
3, 37, 41
Let q(v) be the second derivative of -37*v**5/20 + v**3/3 + 2*v**2 - 2*v + 10. What are the prime factors of q(-2)?
2, 37
Let q = -1 + 1. Suppose 278*w = 267*w + 517. Suppose 2*x - 5*x = -3, -3*f - 5*x + w = q. List the prime factors of f.
2, 7
Suppose 0 = 3*z + 4*u - 6 - 3, -3 = -z + 2*u. Suppose -30 - 711 = -z*y. What are the prime factors of y?
13, 19
Let m(r) = 99*r**2 + 88*r + 378. List the prime factors of m(-5).
19, 127
Suppose -13*t + 1708 = -9*t. Let p = 665 - t. What are the prime factors of (-64)/(-32)*(0 - p/(-4))?
7, 17
Suppose -57*o = 165*o - 54*o - 6994008. List the prime factors of o.
3, 13877
Suppose 73778 = l - 2*w, 5*l - 4*w = 180843 + 188077. What are the prime factors of l?
2, 3, 11, 13, 43
Let g(p) = -2*p**3 + 8*p**2 - 5*p - 21. Let s be g(7). Let t = s + 495. What are the prime factors of t?
5, 29
Let p = -336 - -336. What are the prime factors of p/1 + 202 + 40/(-5)?
2, 97
Suppose -24*j = -10*j - 10*j. What are the prime factors of (j - 384/(-3))/(2/4)?
2
Let j(f) = -12*f**3 + f**2 + 18*f + 10. Let s(g) = 35*g**3 - 3*g**2 - 52*g - 29. Let q(c) = -17*j(c) - 6*s(c). What are the prime factors of q(-1)?
5
Let d = -137 - -121. Let t(a) = a**3 + 17*a**2 + 15*a - 4. List the prime factors of t(d).
2, 3
Let z(u) = u**3 - 5*u**2 - 27*u - 27. Let y be z(-10). Let o = y + 2161. What are the prime factors of o?
2, 113
Suppose 1351 = 4*y - 153. Suppose o + 332 - y = 0. List the prime factors of o.
2, 11
Let q be -1 + 154/30 - (-2)/(-15). Suppose -4*l - 8 = 0, z + l - 423 = -q*z. List the prime factors of z.
5, 17
Suppose -3*s + 129590 = t - 53252, 4*s - 4*t = 243752. What are the prime factors of s?
3, 5, 17, 239
Suppose 402*h + 672224 = 474*h - 65488. What are the prime factors of h?
2, 47, 109
Suppose 7*v + 4638 = -2943. What are the prime factors of (-1 - v/(-2))/((-54)/108)?
5, 7, 31
Let j(z) = -6*z**2 - 5*z - 7. Let u be j(-2). Let i = u - -63. What are the prime factors of i?
2, 3, 7
What are the prime factors of (-549 + (-37 - -13))/(-3*2/56)?
2, 7, 191
Let t = 11107 - 215. What are the prime factors of t?
2, 7, 389
Suppose -4*a + 1503 + 65 = 4*b, a + 1192 = 3*b. Suppose r - 108 = -0*q - q, -4*r + b = -5*q. Suppose -2*z = 24 - r. List the prime factors of z.
2, 5
Let y(t) = -t**3 + 6*t**2 - t + 3. Let h be y(6). List the prime factors of h/(12/8)*21*-7.
2, 3, 7
Suppose -4481 = -4*r + 1071. Suppose 0 = 5*q - 10, -8*q + 3*q = -2*h + r. List the prime factors of h.
3, 233
Let t = -1118 + 18101. List the prime factors of t.
3, 17, 37
Let n(v) = -v**3 - 5*v**2 - 5*v - 4. Let u be n(-4). Suppose -5*z - 65 = -4*t, -2*t - 4*z + 52 = -u*z. List the prime factors of -14*(-185)/t + (-2)/(-4).
2, 5, 13
Let z = 73 + -68. Suppose 0 = 3*r + 5*x - 2, z*r - 4*r + x = -2. What are the prime factors of (-291)/(-3 - r/3)?
3, 97
Suppose -k = 2*m - 146773, 248*m + 3*k = 244*m + 293537. List the prime factors of m.
79, 929
Suppose 29817 - 99693 = -18*f. List the prime factors of f.
2, 3, 647
Suppose 5*v = -3*f + 4, 0 = -5*v - 4*f + 3*f + 8. Suppose v*z - 27 + 2 = -3*r, 4*r - z - 26 = 0. What are the prime factors of r?
7
Suppose -5*w = -5*t + 175, 2*t + 3*w - 66 = w. Suppose -140 = -t*a + 29*a. What are the prime factors of a?
2, 7
Let j = -3192 + 3408. What are the prime factors of j?
2, 3
Let s be (-26)/7 + 2/(-7). Let z(x) = 12*x + 0*x**2 + 0*x**2 - 11*x + 9*x**2 + 19 - 6. What are the prime factors of z(s)?
3, 17
Let w = 19891 - 14843. List the prime factors of w.
2, 631
Suppose -6*j + 18047 = 3*j - 188764. What are the prime factors of j?
11, 2089
Suppose 0 = -15*s + 18*s - 15. Suppose s*u = 6*u - 8. Suppose -2*v = -3*v + u. What are the prime factors of v?
2
Suppose -4*g + 5*s - 3816 = s, -4*g - 4*s - 3840 = 0. Let r = 414 - g. What are the prime factors of r?
3, 457
Suppose 10*m = 2*m + 24. Suppose m*p + 17 = -37. Let x = 10 - p. What are the prime factors of x?
2, 7
Let i(u) = 89*u**2 - 150*u + 26. Let f(o) = -45*o**2 + 74*o - 13. Let s(h) = 5*f(h) + 3*i(h). What are the prime factors of s(4)?
5, 73
Let y(v) = 4*v + 12. Let j be y(16). Let u = 75 - j. List the prime factors of u + 63 + 2 + -15 + 12.
61
Suppose 206*h = 38*h + 3737160. List the prime factors of h.
3, 5, 1483
Let r = -1433 + 4155. What are the prime factors of r?
2, 1361
Let s(m) = 88*m**3 + 93*m**2 - 9*m + 5. List the prime factors of s(4).
3, 17, 139
Suppose 345 = -116*u + 101*u. List the prime factors of 690/u*45/(-6).
3, 5
Suppose 0 = 3*m